{"id":649,"date":"2021-01-09T12:17:38","date_gmt":"2021-01-09T09:17:38","guid":{"rendered":"http:\/\/mikroislemciler.com\/?page_id=649"},"modified":"2021-01-09T13:02:39","modified_gmt":"2021-01-09T10:02:39","slug":"deney-4","status":"publish","type":"page","link":"https:\/\/mikroislemciler.com\/?page_id=649","title":{"rendered":"Deney 4"},"content":{"rendered":"<p>Bu deneyde alt pro\u011framlar yaz\u0131lacakt\u0131r.<\/p>\n<p>1. Bellekte 0200h adresinde 32 bitlik (Q.31 format\u0131nda)\u00a0 bir say\u0131 vard\u0131r. Bu say\u0131y\u0131 4 e b\u00f6len bir alt program yaz\u0131n\u0131z.<\/p>\n<p>2. Bellekte 0200h adresinden 0260h adresine kadar olan 8 b\u015ftlik q.7 format\u0131ndaki say\u0131lar i\u00e7inde negatif olanlar\u0131n say\u0131s\u0131n\u0131 bulan (R7 ye bu say\u0131y\u0131 yazarak ana programa d\u00f6nen) bir alt pr\u011fram yaz\u0131n\u0131z.<\/p>\n<p>3. Bellekte adresi r4 \u00fcn i\u00e7inde kay\u0131tl\u0131 bir A say\u0131s\u0131 ve adresi r5 de kay\u0131tl\u0131 olan B say\u0131s\u0131 vard\u0131r. Bu A ve B say\u0131lar\u0131 karma\u015f\u0131k(complex) say\u0131d\u0131r. Bu say\u0131lar 8 bitlik ger\u00e7el k\u0131s\u0131m Q.7 format\u0131nda bu say\u0131n\u0131n al\u00e7ak bayt\u0131nda, ve sanal(imaginary) k\u0131sm\u0131 gene Q.7 format\u0131nda belle\u011fin \u00fcst bayt\u0131nda bulunmaktad\u0131r. B say\u0131s\u0131ndan A say\u0131s\u0131n\u0131 \u00e7\u0131kar\u0131p sonucu R6 (C nin adresi, C=B-A olacak) ile alt pro\u011frama g\u00f6nderilen adrese yazan bir alt pro\u011fram\u0131 yaz\u0131n\u0131z. Yap\u0131lacak i\u015flemlerin t\u00fcm\u00fcn\u00fcn bellekteki say\u0131lar kullan\u0131larak yap\u0131laca\u011f\u0131 kaydedicilerdeki say\u0131lar\u0131n sadece adres oldu\u011fu dikkate al\u0131nmal\u0131d\u0131r.<\/p>\n<p>&nbsp;<\/p>\n<p>Yukar\u0131daki \u00fc\u00e7 alt pro\u011fram\u0131, pro\u011framlar\u0131n bellek veya kaydedici \u00e7\u0131k\u0131\u015flar\u0131n\u0131 gerektirdikleri makina periyodu say\u0131s\u0131n\u0131 raporlay\u0131n\u0131z.<\/p>\n","protected":false},"excerpt":{"rendered":"<p>Bu deneyde alt pro\u011framlar yaz\u0131lacakt\u0131r. 1. Bellekte 0200h adresinde 32 bitlik (Q.31 format\u0131nda)\u00a0 bir say\u0131 vard\u0131r. Bu say\u0131y\u0131 4 e b\u00f6len bir alt program yaz\u0131n\u0131z. 2. Bellekte 0200h adresinden 0260h adresine kadar olan 8 b\u015ftlik q.7 format\u0131ndaki say\u0131lar i\u00e7inde negatif olanlar\u0131n say\u0131s\u0131n\u0131 bulan (R7 ye bu say\u0131y\u0131 yazarak ana programa d\u00f6nen) bir alt pr\u011fram yaz\u0131n\u0131z. [&hellip;]<\/p>\n","protected":false},"author":1,"featured_media":0,"parent":574,"menu_order":0,"comment_status":"closed","ping_status":"closed","template":"","meta":{"footnotes":""},"class_list":["post-649","page","type-page","status-publish","hentry"],"_links":{"self":[{"href":"https:\/\/mikroislemciler.com\/index.php?rest_route=\/wp\/v2\/pages\/649","targetHints":{"allow":["GET"]}}],"collection":[{"href":"https:\/\/mikroislemciler.com\/index.php?rest_route=\/wp\/v2\/pages"}],"about":[{"href":"https:\/\/mikroislemciler.com\/index.php?rest_route=\/wp\/v2\/types\/page"}],"author":[{"embeddable":true,"href":"https:\/\/mikroislemciler.com\/index.php?rest_route=\/wp\/v2\/users\/1"}],"replies":[{"embeddable":true,"href":"https:\/\/mikroislemciler.com\/index.php?rest_route=%2Fwp%2Fv2%2Fcomments&post=649"}],"version-history":[{"count":2,"href":"https:\/\/mikroislemciler.com\/index.php?rest_route=\/wp\/v2\/pages\/649\/revisions"}],"predecessor-version":[{"id":657,"href":"https:\/\/mikroislemciler.com\/index.php?rest_route=\/wp\/v2\/pages\/649\/revisions\/657"}],"up":[{"embeddable":true,"href":"https:\/\/mikroislemciler.com\/index.php?rest_route=\/wp\/v2\/pages\/574"}],"wp:attachment":[{"href":"https:\/\/mikroislemciler.com\/index.php?rest_route=%2Fwp%2Fv2%2Fmedia&parent=649"}],"curies":[{"name":"wp","href":"https:\/\/api.w.org\/{rel}","templated":true}]}}